{"id":9,"date":"2025-10-24T15:40:20","date_gmt":"2025-10-24T13:40:20","guid":{"rendered":"http:\/\/enoyghu2.you2.pl\/?page_id=9"},"modified":"2025-10-24T16:10:07","modified_gmt":"2025-10-24T14:10:07","slug":"enoughu2","status":"publish","type":"page","link":"https:\/\/enoyghu2.you2.pl\/index.php\/enoughu2\/","title":{"rendered":"Enoughu2"},"content":{"rendered":"\n<p class=\"has-text-align-center\">W \u015bwiecie, kt\u00f3ry ci\u0105gle ka\u017ce nam by\u0107 lepszymi, szybszymi i szcz\u0119\u015bliwszymi \u2014 m\u00f3wimy <em>do\u015b\u0107<\/em>.<br>To przestrze\u0144 dla tych, kt\u00f3rzy nie udaj\u0105, \u017ce wszystko gra.<br>Dla tych, kt\u00f3rzy chc\u0105 po prostu by\u0107 sob\u0105, bez filtr\u00f3w i bez presji.<\/p>\n\n\n\n<p class=\"has-text-align-center\">Tu znajdziesz s\u0142owa, kt\u00f3re nie oceniaj\u0105.<br>Historie, kt\u00f3re brzmi\u0105 znajomo.<br>I ludzi, kt\u00f3rzy czuj\u0105 tak samo jak Ty.<\/p>\n\n\n\n<p class=\"has-text-align-center\">Bo czasem wystarczy wiedzie\u0107, \u017ce nie jeste\u015b sam.<\/p>\n\n\n\n<p><\/p>\n","protected":false},"excerpt":{"rendered":"<p>W \u015bwiecie, kt\u00f3ry ci\u0105gle ka\u017ce nam by\u0107 lepszymi, szybszymi i szcz\u0119\u015bliwszymi \u2014 m\u00f3wimy do\u015b\u0107.To przestrze\u0144 dla tych, kt\u00f3rzy nie udaj\u0105, \u017ce wszystko gra.Dla tych, kt\u00f3rzy chc\u0105 po prostu by\u0107 sob\u0105, bez filtr\u00f3w i bez presji. Tu znajdziesz s\u0142owa, kt\u00f3re nie oceniaj\u0105.Historie, kt\u00f3re brzmi\u0105 znajomo.I ludzi, kt\u00f3rzy czuj\u0105 tak samo jak Ty. Bo czasem wystarczy wiedzie\u0107, [&hellip;]<\/p>\n","protected":false},"author":1,"featured_media":0,"parent":0,"menu_order":0,"comment_status":"closed","ping_status":"closed","template":"","meta":{"footnotes":""},"class_list":["post-9","page","type-page","status-publish","hentry"],"aioseo_notices":[],"_links":{"self":[{"href":"https:\/\/enoyghu2.you2.pl\/index.php\/wp-json\/wp\/v2\/pages\/9","targetHints":{"allow":["GET"]}}],"collection":[{"href":"https:\/\/enoyghu2.you2.pl\/index.php\/wp-json\/wp\/v2\/pages"}],"about":[{"href":"https:\/\/enoyghu2.you2.pl\/index.php\/wp-json\/wp\/v2\/types\/page"}],"author":[{"embeddable":true,"href":"https:\/\/enoyghu2.you2.pl\/index.php\/wp-json\/wp\/v2\/users\/1"}],"replies":[{"embeddable":true,"href":"https:\/\/enoyghu2.you2.pl\/index.php\/wp-json\/wp\/v2\/comments?post=9"}],"version-history":[{"count":4,"href":"https:\/\/enoyghu2.you2.pl\/index.php\/wp-json\/wp\/v2\/pages\/9\/revisions"}],"predecessor-version":[{"id":23,"href":"https:\/\/enoyghu2.you2.pl\/index.php\/wp-json\/wp\/v2\/pages\/9\/revisions\/23"}],"wp:attachment":[{"href":"https:\/\/enoyghu2.you2.pl\/index.php\/wp-json\/wp\/v2\/media?parent=9"}],"curies":[{"name":"wp","href":"https:\/\/api.w.org\/{rel}","templated":true}]}}